{"id":123,"date":"2025-11-16T22:10:31","date_gmt":"2025-11-16T21:10:31","guid":{"rendered":"http:\/\/philippethomine.net\/?page_id=123"},"modified":"2026-02-18T21:44:43","modified_gmt":"2026-02-18T20:44:43","slug":"vue-densemble-sur-le-blog","status":"publish","type":"page","link":"http:\/\/philippethomine.net\/index.php\/vue-densemble-sur-le-blog\/","title":{"rendered":"Vue d&rsquo;ensemble sur le blog"},"content":{"rendered":"\n<p>On peut trouver dans ce blog :<br>&#8211; une s\u00e9rie de billets sur les grands mod\u00e8les de langage (LLM) de type Chat GPT. Dans les 5 premiers articles courts, apr\u00e8s avoir introduit rapidement le sujet, j&rsquo;examine diff\u00e9rentes r\u00e9actions qu&rsquo;ont suscit\u00e9es l&rsquo;apparition des LLM \u00e0 partir de 2023. J&rsquo;insiste en particulier sur les r\u00e9actions des experts, chercheurs scientifiques ou philosophes, d\u00e8s <a href=\"http:\/\/philippethomine.net\/index.php\/2025\/03\/06\/site-en-construction-3\/\" data-type=\"link\" data-id=\"http:\/\/philippethomine.net\/index.php\/2025\/03\/06\/site-en-construction-3\/\">le 3\u00e8me article<\/a> de la s\u00e9rie.<br>Leur attitude me para\u00eet \u00e9tonnante. J&rsquo;explique plus loin, pourquoi et <a href=\"http:\/\/philippethomine.net\/index.php\/blog\/\" data-type=\"link\" data-id=\"http:\/\/philippethomine.net\/index.php\/blog\/\" target=\"_blank\" rel=\"noreferrer noopener\">je propose des raisons <\/a>pouvant expliquer cette attitude. <br>Le premier billet <a href=\"http:\/\/philippethomine.net\/index.php\/2025\/03\/02\/hello-world\/\" data-type=\"link\" data-id=\"http:\/\/philippethomine.net\/index.php\/2025\/03\/02\/hello-world\/\">se trouve ici<\/a><br>&#8211; Les <a href=\"http:\/\/philippethomine.net\/index.php\/2025\/03\/30\/a-propos-des-llm-9-sur-9\/\" data-type=\"link\" data-id=\"http:\/\/philippethomine.net\/index.php\/2025\/03\/30\/a-propos-des-llm-9-sur-9\/\">deux derniers articles<\/a>, de la s\u00e9rie sont des dialogues avec Chat GPT dans lesquels progressivement la perspective sur les LLM d&rsquo;\u00e9largit.<br>&#8211; Apr\u00e8s cette s\u00e9rie, encore un dialogue avec Chat GPT mais cette fois sur le th\u00e8me <a href=\"http:\/\/philippethomine.net\/index.php\/2025\/05\/11\/langage-et-pensee\/\" data-type=\"link\" data-id=\"http:\/\/philippethomine.net\/index.php\/2025\/05\/11\/langage-et-pensee\/\">Langage et pens\u00e9e<\/a>.<br><\/p>\n\n\n\n<p><\/p>\n","protected":false},"excerpt":{"rendered":"<p>On peut trouver dans ce blog :&#8211; une s\u00e9rie de billets sur les grands mod\u00e8les de langage (LLM) de type Chat GPT. Dans les 5 premiers articles courts, apr\u00e8s avoir introduit rapidement le sujet, j&rsquo;examine diff\u00e9rentes r\u00e9actions qu&rsquo;ont suscit\u00e9es l&rsquo;apparition des LLM \u00e0 partir de 2023. J&rsquo;insiste en particulier sur les r\u00e9actions des experts, chercheurs [&hellip;]<\/p>\n","protected":false},"author":1,"featured_media":0,"parent":0,"menu_order":0,"comment_status":"closed","ping_status":"closed","template":"","meta":{"footnotes":""},"class_list":["post-123","page","type-page","status-publish","hentry","post-preview"],"_links":{"self":[{"href":"http:\/\/philippethomine.net\/index.php\/wp-json\/wp\/v2\/pages\/123","targetHints":{"allow":["GET"]}}],"collection":[{"href":"http:\/\/philippethomine.net\/index.php\/wp-json\/wp\/v2\/pages"}],"about":[{"href":"http:\/\/philippethomine.net\/index.php\/wp-json\/wp\/v2\/types\/page"}],"author":[{"embeddable":true,"href":"http:\/\/philippethomine.net\/index.php\/wp-json\/wp\/v2\/users\/1"}],"replies":[{"embeddable":true,"href":"http:\/\/philippethomine.net\/index.php\/wp-json\/wp\/v2\/comments?post=123"}],"version-history":[{"count":11,"href":"http:\/\/philippethomine.net\/index.php\/wp-json\/wp\/v2\/pages\/123\/revisions"}],"predecessor-version":[{"id":215,"href":"http:\/\/philippethomine.net\/index.php\/wp-json\/wp\/v2\/pages\/123\/revisions\/215"}],"wp:attachment":[{"href":"http:\/\/philippethomine.net\/index.php\/wp-json\/wp\/v2\/media?parent=123"}],"curies":[{"name":"wp","href":"https:\/\/api.w.org\/{rel}","templated":true}]}}